{"id":1311,"date":"2022-03-15T19:40:28","date_gmt":"2022-03-15T22:40:28","guid":{"rendered":"http:\/\/ceetbr.com.br\/?page_id=1311"},"modified":"2022-04-18T12:50:20","modified_gmt":"2022-04-18T15:50:20","slug":"capacitacao-humana","status":"publish","type":"page","link":"https:\/\/ceetbr.com.br\/index.php\/capacitacao-humana\/","title":{"rendered":"Capacita\u00e7\u00e3o Humana"},"content":{"rendered":"<p>[vc_row full_width=&#8221;stretch_row&#8221; css=&#8221;.vc_custom_1650297018851{margin-top: -135px !important;background-color: #ffffff !important;background-position: center !important;background-repeat: no-repeat !important;background-size: cover !important;}&#8221;][vc_column]<div class=\"clearboth\"><\/div><div class=\"gem-divider \" style=\"margin-top: 50px;\"><\/div>[vc_column_text]<\/p>\n<div class=\"title-h2\" style=\"text-align: center;\"><span style=\"color: #3e3b51;\"><span class=\"light\">conhe\u00e7a nossos<\/span> cursos<\/span><\/div>\n<p>[\/vc_column_text]<div class=\"clearboth\"><\/div><div class=\"gem-divider \" style=\"margin-top: 34px;\"><\/div><div class=\"preloader\"><div class=\"preloader-spin\"><\/div><\/div> <div class=\"portfolio-preloader-wrapper\"> <div data-per-page=\"50\" data-portfolio-uid=\"6ffe461\" class=\"portfolio no-padding portfolio-pagination-normal portfolio-style-masonry background-style-white title-style-light hover-default item-animation-move-up title-on-page portfolio-items-masonry columns-3\" data-hover=\"default\" > <div class=\"\"> <div class=\"row\" style=\"margin: -10px;\"> <div class=\"portfolio-set clearfix\" data-max-row-height=\"380\"> <div class=\"portfolio-item capacitacao-humana col-md-4 col-xs-4 item-animations-not-inited post-1298 thegem_pf_item type-thegem_pf_item status-publish has-post-thumbnail\" style=\"padding: 10px;\" data-default-sort=\"0\" data-sort-date=\"1647341430\"> <div class=\"wrap clearfix\" style=\"border-bottom-color: \"> <div class=\"image post-1298 thegem_pf_item type-thegem_pf_item status-publish has-post-thumbnail\"> <div class=\"image-inner\"> <picture> <source srcset=\"https:\/\/ceetbr.com.br\/wp-content\/uploads\/2022\/03\/EMPREGABILIDADE-E-GESTAO.jpg 1x, https:\/\/ceetbr.com.br\/wp-content\/uploads\/2022\/03\/EMPREGABILIDADE-E-GESTAO.jpg 2x\" media=\"(max-width: 550px)\" sizes=\"100vw\"> <source srcset=\"https:\/\/ceetbr.com.br\/wp-content\/uploads\/2022\/03\/EMPREGABILIDADE-E-GESTAO-thegem-portfolio-masonry-3x.jpg 1x, https:\/\/ceetbr.com.br\/wp-content\/uploads\/2022\/03\/EMPREGABILIDADE-E-GESTAO.jpg 2x\" media=\"(max-width: 1920px)\" sizes=\"100vw\"> <img decoding=\"async\" src=\"https:\/\/ceetbr.com.br\/wp-content\/uploads\/2022\/03\/EMPREGABILIDADE-E-GESTAO.jpg\" width=\"600\" height=\"500\" class=\"attachment-thegem-portfolio-masonry\" alt=\"Empregabilidade e gest\u00e3o\" \/> <\/picture> <\/div> <div class=\"overlay\"> <div class=\"overlay-circle\"><\/div> <div class=\"links-wrapper\"> <div class=\"links\"> <div class=\"portfolio-icons\"> <a href=\"https:\/\/ceetbr.com.br\/index.php\/pf\/empregabilidade-e-gestao\/\" target=\"_self\" class=\"icon self-link \"><\/a> <a href=\"javascript: void(0);\" class=\"icon share\"><\/a> <div class=\"overlay-line\"><\/div> <div class=\"portfolio-sharing-pane\"> <div class=\"socials-sharing socials socials-colored-hover \"> <a class=\"socials-item\" target=\"_blank\" href=\"https:\/\/www.facebook.com\/sharer\/sharer.php?u=https%3A%2F%2Fceetbr.com.br%2Findex.php%2Fpf%2Fempregabilidade-e-gestao%2F\" title=\"Facebook\"><i class=\"socials-item-icon facebook\"><\/i><\/a> <a class=\"socials-item\" target=\"_blank\" href=\"https:\/\/twitter.com\/intent\/tweet?text=Empregabilidade+e+gest%C3%A3o&#038;url=https%3A%2F%2Fceetbr.com.br%2Findex.php%2Fpf%2Fempregabilidade-e-gestao%2F\" title=\"Twitter\"><i class=\"socials-item-icon twitter\"><\/i><\/a> <a class=\"socials-item\" target=\"_blank\" href=\"https:\/\/pinterest.com\/pin\/create\/button\/?url=https%3A%2F%2Fceetbr.com.br%2Findex.php%2Fpf%2Fempregabilidade-e-gestao%2F&#038;description=Empregabilidade+e+gest%C3%A3o&#038;media=https%3A%2F%2Fceetbr.com.br%2Fwp-content%2Fuploads%2F2022%2F03%2FEMPREGABILIDADE-E-GESTAO.jpg\" title=\"Pinterest\"><i class=\"socials-item-icon pinterest\"><\/i><\/a> <a class=\"socials-item\" target=\"_blank\" href=\"http:\/\/tumblr.com\/widgets\/share\/tool?canonicalUrl=https%3A%2F%2Fceetbr.com.br%2Findex.php%2Fpf%2Fempregabilidade-e-gestao%2F\" title=\"Tumblr\"><i class=\"socials-item-icon tumblr\"><\/i><\/a> <a class=\"socials-item\" target=\"_blank\" href=\"https:\/\/www.linkedin.com\/shareArticle?mini=true&#038;url=https%3A%2F%2Fceetbr.com.br%2Findex.php%2Fpf%2Fempregabilidade-e-gestao%2F&#038;title=Empregabilidade+e+gest%C3%A3o&amp;summary=%5Bvc_row+full_width%3D%26%238221%3Bstretch_row%26%238221%3B+css%3D%26%238221%3B.vc_custom_1650383173748%7Bmargin-top%3A+-300px+%21important%3Bmargin-bottom%3A+-200px+%21important%3Bbackground-image%3A+url%28http%3A%2F%2Fceetbr.com.br%2Fwp-content%2Fuploads%2F2019%2F09%2Ffundo.jpg%3Fid%3D1014%29+%21important%3Bbackground-position%3A+center+%21important%3Bbackground-repeat%3A+no-repeat+%21important%3Bbackground-size%3A+cover+%21important%3B%7D%26%238221%3B%5D%5Bvc_column+width%3D%26%238221%3B1%2F3%26%238243%3B+offset%3D%26%238221%3Bvc_col-md-3%26%238243%3B%5D%5B%2Fvc_column%5D%5Bvc_column+width%3D%26%238221%3B2%2F3%26%238243%3B+offset%3D%26%238221%3Bvc_col-md-9%26%238243%3B%5D%5Bvc_column_text%5D+Empregabilidade...\" title=\"LinkedIn\"><i class=\"socials-item-icon linkedin\"><\/i><\/a> <a class=\"socials-item\" target=\"_blank\" href=\"https:\/\/www.reddit.com\/submit?url=https%3A%2F%2Fceetbr.com.br%2Findex.php%2Fpf%2Fempregabilidade-e-gestao%2F&#038;title=Empregabilidade+e+gest%C3%A3o\" title=\"Reddit\"><i class=\"socials-item-icon reddit\"><\/i><\/a> <\/div> <\/div> <\/div> <\/div> <\/div> <\/div> <\/div> <div class=\"caption post-1298 thegem_pf_item type-thegem_pf_item status-publish has-post-thumbnail\" > <div class=\"title\" > Empregabilidade e gest\u00e3o <\/div> <div class=\"caption-separator\" ><\/div> <\/div> <\/div> <\/div> <\/div><!-- .portflio-set --> <div class=\"portfolio-item-size-container\"> <div class=\"portfolio-item col-md-4 col-xs-4 item-animations-not-inited post-1298 thegem_pf_item type-thegem_pf_item status-publish has-post-thumbnail\"> <\/div> <\/div> <\/div><!-- .row--> <div class=\"portfolio-navigator gem-pagination\"> <\/div> <\/div><!-- .full-width --> <\/div><!-- .portfolio--> <\/div><!-- .portfolio-preloader-wrapper--><div class=\"clearboth\"><\/div><div class=\"gem-divider \" style=\"margin-top: 50px;\"><\/div>[\/vc_column][\/vc_row][vc_row full_width=&#8221;stretch_row&#8221; css=&#8221;.vc_custom_1615497842843{margin-top: -30px !important;background-color: #ffffff !important;background-position: center !important;background-repeat: no-repeat !important;background-size: cover !important;}&#8221;][vc_column]<div id=\"fullwidth-block-69ff3af8e114b\" class=\"fullwidth-block fullwidth-block-parallax-fixed clearfix\" data-mobile-parallax-enable=\"0\" style=\"padding-top: 75px;padding-bottom: 75px;\"><script type=\"text\/javascript\">if (typeof(gem_fix_fullwidth_position) == \"function\") { gem_fix_fullwidth_position(document.getElementById(\"fullwidth-block-69ff3af8e114b\")); }<\/script><div class=\"fullwidth-block-background\" style=\"background-image: url(https:\/\/ceetbr.com.br\/wp-content\/uploads\/2021\/03\/solicite-orc\u0327amento-1.jpg);background-position: center top;\"><\/div><div class=\"fullwidth-block-inner\">[vc_column_text]<\/p>\n<div class=\"title-h2\" style=\"text-align: center;\"><span style=\"color: #ffffff;\"><span class=\"light\">Fale com <\/span>nossa equipe<\/span><\/div>\n<p>[\/vc_column_text]<div class=\"clearboth\"><\/div><div class=\"gem-divider \" style=\"margin-top: 34px;\"><\/div><div class=\"gem-button-container gem-button-position-center\"><a class=\"gem-button gem-button-size-medium gem-button-style-flat gem-button-text-weight-normal\" style=\"border-radius: 3px;background-color: #e61c35;color: #ffffff;\" onmouseleave=\"this.style.backgroundColor='#e61c35';this.style.color='#ffffff';\" onmouseenter=\"this.style.backgroundColor='#ffffff';this.style.color='#e61c35';\" href=\"http:\/\/ceetbr.com.br\/index.php\/contato\/\" target=\"_self\">Solicitar<\/a><\/div> <\/div><\/div>[\/vc_column][\/vc_row][vc_row full_width=&#8221;stretch_row&#8221; css=&#8221;.vc_custom_1650294369102{margin-top: -20px !important;margin-bottom: -120px !important;background-color: #ffffff !important;background-position: center !important;background-repeat: no-repeat !important;background-size: cover !important;}&#8221;][vc_column width=&#8221;1\/2&#8243; css=&#8221;.vc_custom_1615498587517{padding-right: 50px !important;}&#8221;]<div class=\"clearboth\"><\/div><div class=\"gem-divider \" style=\"margin-top: 34px;\"><\/div>[vc_single_image image=&#8221;997&#8243; img_size=&#8221;full&#8221;]<div class=\"clearboth\"><\/div><div class=\"gem-divider \" style=\"margin-top: 34px;\"><\/div>[vc_column_text]<\/p>\n<div class=\"title-h2\" style=\"text-align: center;\"><span style=\"color: #3e3b51;\"><span class=\"light\">in<\/span>company<\/span><\/div>\n<p>[\/vc_column_text]<div class=\"clearboth\"><\/div><div class=\"gem-divider \" style=\"margin-top: 34px;\"><\/div>[vc_column_text]<\/p>\n<div class=\"styled-subtitle\" style=\"text-align: center; max-width: 600px; margin: 0 auto;\"><span style=\"color: #5f727f;\">A CEET leva seus servi\u00e7os at\u00e9 o seu setor. Instrua sua equipe com assessorias e treinamentos profissionalizantes que ir\u00e3o alavancar o rendimento no local de trabalho.<\/span><\/div>\n<p>[\/vc_column_text]<div class=\"clearboth\"><\/div><div class=\"gem-divider \" style=\"margin-top: 34px;\"><\/div><div class=\"gem-button-container gem-button-position-center\"><a class=\"gem-button gem-button-size-medium gem-button-style-flat gem-button-text-weight-normal\" style=\"border-radius: 3px;background-color: #e61c35;color: #ffffff;\" onmouseleave=\"this.style.backgroundColor='#e61c35';this.style.color='#ffffff';\" onmouseenter=\"this.style.backgroundColor='#ffffff';this.style.color='#e61c35';\" href=\"http:\/\/ceetbr.com.br\/index.php\/contato\/\" target=\"_self\">SOLICITE OR\u00c7AMENTO<\/a><\/div> [\/vc_column][vc_column width=&#8221;1\/2&#8243; css=&#8221;.vc_custom_1615498601899{padding-left: 50px !important;}&#8221;]<div class=\"clearboth\"><\/div><div class=\"gem-divider \" style=\"margin-top: 34px;\"><\/div>[vc_single_image image=&#8221;998&#8243; img_size=&#8221;full&#8221;]<div class=\"clearboth\"><\/div><div class=\"gem-divider \" style=\"margin-top: 34px;\"><\/div>[vc_column_text]<\/p>\n<div class=\"title-h2\" style=\"text-align: center;\"><span style=\"color: #000000;\"><span class=\"light\">fale <\/span>conosco<\/span><\/div>\n<p>[\/vc_column_text]<div class=\"clearboth\"><\/div><div class=\"gem-divider \" style=\"margin-top: 34px;\"><\/div>[vc_column_text]<\/p>\n<div class=\"styled-subtitle\" style=\"text-align: center; max-width: 600px; margin: 0 auto;\"><span style=\"color: #000000;\"><span style=\"color: #5f727f;\">Potencialize o rendimento no seu local de trabalho e cres\u00e7a em sua carreira com solu\u00e7\u00f5es pensadas para atender as suas necessidades e as de seu setor.<\/span><\/span><\/div>\n<p>[\/vc_column_text]<div class=\"clearboth\"><\/div><div class=\"gem-divider \" style=\"margin-top: 70px;\"><\/div>[vc_row_inner][vc_column_inner width=&#8221;1\/2&#8243;]<div class=\"gem-button-container gem-button-position-center\"><a class=\"gem-button gem-button-size-medium gem-button-style-flat gem-button-text-weight-normal\" style=\"border-radius: 3px;background-color: #e61c35;color: #ffffff;\" onmouseleave=\"this.style.backgroundColor='#e61c35';this.style.color='#ffffff';\" onmouseenter=\"this.style.backgroundColor='#ffffff';this.style.color='#e61c35';\" href=\"http:\/\/ceetbr.com.br\/index.php\/contato\/\" target=\"_self\">FALE CONOSCO<\/a><\/div> [\/vc_column_inner][vc_column_inner width=&#8221;1\/2&#8243;]<div class=\"gem-button-container gem-button-position-center\"><a class=\"gem-button gem-button-size-medium gem-button-style-flat gem-button-text-weight-normal\" style=\"border-radius: 3px;background-color: #e61c35;color: #ffffff;\" onmouseleave=\"this.style.backgroundColor='#e61c35';this.style.color='#ffffff';\" onmouseenter=\"this.style.backgroundColor='#ffffff';this.style.color='#e61c35';\" href=\"\" target=\"_self\">WHATSAPP<\/a><\/div> [\/vc_column_inner][\/vc_row_inner]<div class=\"clearboth\"><\/div><div class=\"gem-divider \" style=\"margin-top: 34px;\"><\/div>[\/vc_column][\/vc_row]<\/p>\n","protected":false},"excerpt":{"rendered":"<p>[vc_row full_width=&#8221;stretch_row&#8221; css=&#8221;.vc_custom_1650297018851{margin-top: -135px !important;background-color: #ffffff !important;background-position: center !important;background-repeat: no-repeat !important;background-size: cover !important;}&#8221;][vc_column][vc_column_text] conhe\u00e7a nossos cursos [\/vc_column_text][\/vc_column][\/vc_row][vc_row full_width=&#8221;stretch_row&#8221; css=&#8221;.vc_custom_1615497842843{margin-top: -30px&#8230;<\/p>\n","protected":false},"author":1,"featured_media":0,"parent":0,"menu_order":0,"comment_status":"closed","ping_status":"closed","template":"","meta":{"footnotes":""},"class_list":["post-1311","page","type-page","status-publish"],"_links":{"self":[{"href":"https:\/\/ceetbr.com.br\/index.php\/wp-json\/wp\/v2\/pages\/1311","targetHints":{"allow":["GET"]}}],"collection":[{"href":"https:\/\/ceetbr.com.br\/index.php\/wp-json\/wp\/v2\/pages"}],"about":[{"href":"https:\/\/ceetbr.com.br\/index.php\/wp-json\/wp\/v2\/types\/page"}],"author":[{"embeddable":true,"href":"https:\/\/ceetbr.com.br\/index.php\/wp-json\/wp\/v2\/users\/1"}],"replies":[{"embeddable":true,"href":"https:\/\/ceetbr.com.br\/index.php\/wp-json\/wp\/v2\/comments?post=1311"}],"version-history":[{"count":6,"href":"https:\/\/ceetbr.com.br\/index.php\/wp-json\/wp\/v2\/pages\/1311\/revisions"}],"predecessor-version":[{"id":1374,"href":"https:\/\/ceetbr.com.br\/index.php\/wp-json\/wp\/v2\/pages\/1311\/revisions\/1374"}],"wp:attachment":[{"href":"https:\/\/ceetbr.com.br\/index.php\/wp-json\/wp\/v2\/media?parent=1311"}],"curies":[{"name":"wp","href":"https:\/\/api.w.org\/{rel}","templated":true}]}}