{"id":127,"date":"2019-09-17T11:47:13","date_gmt":"2019-09-17T11:47:13","guid":{"rendered":"http:\/\/democontent.codex-themes.com\/sites\/agency-raven\/?page_id=127"},"modified":"2021-04-09T17:20:03","modified_gmt":"2021-04-09T20:20:03","slug":"contato","status":"publish","type":"page","link":"https:\/\/ceetbr.com.br\/index.php\/contato\/","title":{"rendered":"Contato"},"content":{"rendered":"<p>[vc_row full_width=&#8221;stretch_row&#8221; css=&#8221;.vc_custom_1569414004238{margin-bottom: 0px !important;background-color: #e9e9e9 !important;}&#8221; el_id=&#8221;details&#8221;][vc_column css=&#8221;.vc_custom_1568705970136{padding-top: 0px !important;}&#8221;]<div id=\"fullwidth-block-69ff3ab98859c\" class=\"fullwidth-block clearfix\"  style=\"\"><script type=\"text\/javascript\">if (typeof(gem_fix_fullwidth_position) == \"function\") { gem_fix_fullwidth_position(document.getElementById(\"fullwidth-block-69ff3ab98859c\")); }<\/script><div class=\"fullwidth-block-background\" style=\"background-image: url(https:\/\/ceetbr.com.br\/wp-content\/uploads\/2019\/09\/fundo.jpg);background-repeat: no-repeat; background-size: cover;background-position: center top;\"><\/div><div class=\"fullwidth-block-inner\"><div class=\"container\"><div class=\"clearboth\"><\/div><div class=\"gem-divider \" style=\"margin-top: 170px;\"><\/div>[vc_column_text]<\/p>\n<div class=\"title-h2\" style=\"text-align: center;\"><span style=\"color: #000000;\"><span class=\"light\">entre em<\/span> contato<\/span><\/div>\n<p>[\/vc_column_text]<div class=\"clearboth\"><\/div><div class=\"gem-divider \" style=\"margin-top: 35px;\"><\/div>[vc_row_inner][vc_column_inner offset=&#8221;vc_col-lg-offset-1 vc_col-lg-10&#8243;][vc_column_text]<\/p>\n<div class=\"styled-subtitle\" style=\"text-align: center;\"><span style=\"color: #5f727f;\">Potencialize o rendimento de suas atividades e impulsione sua carreira com solu\u00e7\u00f5es pensadas para atender suas necessidades e as exig\u00eancias do seu setor.<\/span><\/div>\n<p>[\/vc_column_text][\/vc_column_inner][\/vc_row_inner]<div class=\"clearboth\"><\/div><div class=\"gem-divider \" style=\"margin-top: 25px;\"><\/div><div class=\"centered-box gem-image-centered-box\"><div class=\"gem-image gem-wrapbox gem-wrapbox-style-default gem-wrapbox-position-centered\" style=\"\"><div class=\"gem-wrapbox-inner \" ><img decoding=\"async\" class=\"gem-wrapbox-element img-responsive\" src=\"https:\/\/ceetbr.com.br\/wp-content\/uploads\/2019\/09\/vertical-line.png\" alt=\"\"\/><\/div><\/div><\/div><div class=\"clearboth\"><\/div><div class=\"gem-divider \" style=\"margin-top: 45px;\"><\/div>[vc_row_inner][vc_column_inner width=&#8221;1\/2&#8243;]<div class=\"lazy-loading\" data-ll-item-delay=\"0\"><div class=\"gem-textbox lazy-loading-item centered-box\"  data-ll-effect=\"move-up\"><div class=\"gem-textbox-inner\" style=\"\"><div class=\"gem-textbox-content\" style=\"background-image: url(https:\/\/ceetbr.com.br\/wp-content\/uploads\/2019\/09\/icon-bg.png);background-repeat: no-repeat;background-position: center top;padding-top: 90px;padding-bottom: 160px;\"><div class=\"gem-icon gem-icon-pack-material gem-icon-size-large  gem-icon-shape-square gem-simple-icon\" style=\"opacity: 1;\"><div class=\"gem-icon-inner\" style=\"\"><span class=\"gem-icon-half-1\" style=\"color: #ffffff;\"><span class=\"back-angle\">&#xf3e4;<\/span><\/span><span class=\"gem-icon-half-2\" style=\"color: #ffffff;\"><span class=\"back-angle\">&#xf3e4;<\/span><\/span><\/div><\/div><\/div><\/div><\/div><\/div><div class=\"clearboth\"><\/div><div class=\"gem-divider \" style=\"margin-top: 20px;\"><\/div>[vc_column_text]<\/p>\n<div class=\"title-h4\" style=\"text-align: center; position: relative;\"><span style=\"color: #e61c35;\">endere\u00e7o<\/span><\/div>\n<p>[\/vc_column_text]<div class=\"clearboth\"><\/div><div class=\"gem-divider \" style=\"margin-top: 20px;\"><\/div>[vc_column_text]<\/p>\n<div style=\"text-align: center;\">\n<p><a href=\"https:\/\/www.google.com.br\/maps\/place\/Rua+XV+de+Novembro,+551+-+Centro,+Curitiba+-+PR,+80020-310\/@-25.4299704,-49.2685537,17z\/data=!4m13!1m7!3m6!1s0x94dce46b54bafe1d:0x8daa66a57bfc946f!2sRua+XV+de+Novembro,+551+-+Centro,+Curitiba+-+PR,+80020-310!3b1!8m2!3d-25.4298369!4d-49.2686669!3m4!1s0x94dce46b54bafe1d:0x8daa66a57bfc946f!8m2!3d-25.4298369!4d-49.2686669\"><span style=\"color: #5f727f;\">Rua XV de Novembro, 551 &#8211; Centro<\/span><\/a><\/p>\n<\/div>\n<p>[\/vc_column_text][\/vc_column_inner][vc_column_inner width=&#8221;1\/2&#8243;]<div class=\"lazy-loading\" data-ll-item-delay=\"0\"><div class=\"gem-textbox lazy-loading-item centered-box\"  data-ll-effect=\"move-up\"><div class=\"gem-textbox-inner\" style=\"\"><div class=\"gem-textbox-content\" style=\"background-image: url(https:\/\/ceetbr.com.br\/wp-content\/uploads\/2019\/09\/icon-bg.png);background-repeat: no-repeat;background-position: center top;padding-top: 90px;padding-bottom: 160px;\"><div class=\"gem-icon gem-icon-pack-material gem-icon-size-large  gem-icon-shape-square gem-simple-icon\" style=\"opacity: 1;\"><div class=\"gem-icon-inner\" style=\"\"><span class=\"gem-icon-half-1\" style=\"color: #ffffff;\"><span class=\"back-angle\">&#xf1f3;<\/span><\/span><span class=\"gem-icon-half-2\" style=\"color: #ffffff;\"><span class=\"back-angle\">&#xf1f3;<\/span><\/span><\/div><\/div><\/div><\/div><\/div><\/div><div class=\"clearboth\"><\/div><div class=\"gem-divider \" style=\"margin-top: 20px;\"><\/div>[vc_column_text]<\/p>\n<div class=\"title-h4\" style=\"text-align: center; position: relative;\"><span style=\"color: #e61c35;\">whatsapp<\/span><\/div>\n<p>[\/vc_column_text]<div class=\"clearboth\"><\/div><div class=\"gem-divider \" style=\"margin-top: 20px;\"><\/div>[vc_column_text]<\/p>\n<div style=\"text-align: center;\">\n<p><a href=\"#\"><span style=\"color: #5f727f;\">+1 916-875-2235<\/span><\/a><\/p>\n<\/div>\n<p>[\/vc_column_text][\/vc_column_inner][\/vc_row_inner]<div class=\"clearboth\"><\/div><div class=\"gem-divider \" style=\"margin-top: 125px;\"><\/div><\/div><\/div><\/div>[\/vc_column][\/vc_row][vc_row full_width=&#8221;stretch_row_content_no_spaces&#8221;][vc_column][vc_gmaps link=&#8221;#E-8_JTNDaWZyYW1lJTIwc3JjJTNEJTIyaHR0cHMlM0ElMkYlMkZ3d3cuZ29vZ2xlLmNvbSUyRm1hcHMlMkZlbWJlZCUzRnBiJTNEJTIxMW0xOCUyMTFtMTIlMjExbTMlMjExZDM2MDMuMjQ4MDE4MTQ1ODglMjEyZC00OS4yNjg1NTM2NjY4NDgyOCUyMTNkLTI1LjQyOTk3MDQyOTU5Mjk2JTIxMm0zJTIxMWYwJTIxMmYwJTIxM2YwJTIxM20yJTIxMWkxMDI0JTIxMmk3NjglMjE0ZjEzLjElMjEzbTMlMjExbTIlMjExczB4OTRkY2U0NmI1NGJhZmUxZCUyNTNBMHg4ZGFhNjZhNTdiZmM5NDZmJTIxMnNSdWElMjUyMFhWJTI1MjBkZSUyNTIwTm92ZW1icm8lMjUyQyUyNTIwNTUxJTI1MjAtJTI1MjBDZW50cm8lMjUyQyUyNTIwQ3VyaXRpYmElMjUyMC0lMjUyMFBSJTI1MkMlMjUyMDgwMDIwLTMxMCUyMTVlMCUyMTNtMiUyMTFzcHQtQlIlMjEyc2JyJTIxNHYxNjE3OTg5MjUwMTYyJTIxNW0yJTIxMXNwdC1CUiUyMTJzYnIlMjIlMjB3aWR0aCUzRCUyMjE5MjAlMjIlMjBoZWlnaHQlM0QlMjI0MDAlMjIlMjBzdHlsZSUzRCUyMmJvcmRlciUzQTAlM0IlMjIlMjBhbGxvd2Z1bGxzY3JlZW4lM0QlMjIlMjIlMjBsb2FkaW5nJTNEJTIybGF6eSUyMiUzRSUzQyUyRmlmcmFtZSUzRQ==&#8221; size=&#8221;1920&#215;400&#8243; disable_scroll=&#8221;1&#8243;][\/vc_column][\/vc_row][vc_row css=&#8221;.vc_custom_1617989641998{margin-top: -35px !important;}&#8221;][vc_column css=&#8221;.vc_custom_1568726901800{padding-top: 0px !important;}&#8221;]<div id=\"fullwidth-block-69ff3ab988e4c\" class=\"fullwidth-block clearfix\"  style=\"\"><script type=\"text\/javascript\">if (typeof(gem_fix_fullwidth_position) == \"function\") { gem_fix_fullwidth_position(document.getElementById(\"fullwidth-block-69ff3ab988e4c\")); }<\/script><div class=\"fullwidth-block-background\" style=\"background-image: url(https:\/\/ceetbr.com.br\/wp-content\/uploads\/2021\/03\/solicite-orc\u0327amento-1.jpg);background-repeat: no-repeat; background-size: cover;background-position: center top;\"><\/div><div class=\"fullwidth-block-inner\"><div class=\"container\"><div class=\"clearboth\"><\/div><div class=\"gem-divider \" style=\"margin-top: 105px;\"><\/div>[vc_column_text]<\/p>\n<div class=\"title-h2\" style=\"text-align: center;\"><span style=\"color: #ffffff;\"><span class=\"light\">deixe-nos uma<\/span>\u00a0mensagem<\/span><\/div>\n<p>[\/vc_column_text]<div class=\"clearboth\"><\/div><div class=\"gem-divider \" style=\"margin-top: 35px;\"><\/div>[vc_row_inner][vc_column_inner offset=&#8221;vc_col-lg-offset-3 vc_col-lg-6&#8243;][vc_column_text]<\/p>\n<div class=\"styled-subtitle\" style=\"text-align: center;\">\n<p><span style=\"color: #ffffff;\">Alguma d\u00favida ou sugest\u00e3o?<br \/>\nPreencha o formul\u00e1rio e entraremos em contato.<\/span><\/p>\n<\/div>\n<p>[\/vc_column_text][\/vc_column_inner][\/vc_row_inner]<div class=\"clearboth\"><\/div><div class=\"gem-divider \" style=\"margin-top: 80px;\"><\/div>\n<div class=\"wpcf7 no-js\" id=\"wpcf7-f136-o1\" lang=\"en-US\" dir=\"ltr\" data-wpcf7-id=\"136\">\n<div class=\"screen-reader-response\"><p role=\"status\" aria-live=\"polite\" aria-atomic=\"true\"><\/p> <ul><\/ul><\/div>\n<form action=\"\/index.php\/wp-json\/wp\/v2\/pages\/127#wpcf7-f136-o1\" method=\"post\" class=\"wpcf7-form init gem-contact-form-white\" aria-label=\"Contact form\" novalidate=\"novalidate\" data-status=\"init\">\n<fieldset class=\"hidden-fields-container\"><input type=\"hidden\" name=\"_wpcf7\" value=\"136\" \/><input type=\"hidden\" name=\"_wpcf7_version\" value=\"6.1.1\" \/><input type=\"hidden\" name=\"_wpcf7_locale\" value=\"en_US\" \/><input type=\"hidden\" name=\"_wpcf7_unit_tag\" value=\"wpcf7-f136-o1\" \/><input type=\"hidden\" name=\"_wpcf7_container_post\" value=\"0\" \/><input type=\"hidden\" name=\"_wpcf7_posted_data_hash\" value=\"\" \/>\n<\/fieldset>\n<div>\n\t<p class=\"col-md-4\"><span class=\"wpcf7-form-control-wrap\" data-name=\"your-name\"><input size=\"40\" maxlength=\"400\" class=\"wpcf7-form-control wpcf7-text wpcf7-validates-as-required\" aria-required=\"true\" aria-invalid=\"false\" placeholder=\"Nome*\" value=\"\" type=\"text\" name=\"your-name\" \/><\/span>\n\t<\/p>\n\t<p class=\"col-md-4\"><span class=\"wpcf7-form-control-wrap\" data-name=\"your-email\"><input size=\"40\" maxlength=\"400\" class=\"wpcf7-form-control wpcf7-email wpcf7-validates-as-required wpcf7-text wpcf7-validates-as-email\" aria-required=\"true\" aria-invalid=\"false\" placeholder=\"Email*\" value=\"\" type=\"email\" name=\"your-email\" \/><\/span>\n\t<\/p>\n\t<p class=\"col-md-4\"><span class=\"wpcf7-form-control-wrap\" data-name=\"your-website\"><input size=\"40\" maxlength=\"400\" class=\"wpcf7-form-control wpcf7-text wpcf7-validates-as-required\" aria-required=\"true\" aria-invalid=\"false\" placeholder=\"Assunto*\" value=\"\" type=\"text\" name=\"your-website\" \/><\/span>\n\t<\/p>\n\t<p class=\"col-md-12\"><span class=\"wpcf7-form-control-wrap\" data-name=\"your-message\"><textarea cols=\"40\" rows=\"10\" maxlength=\"2000\" class=\"wpcf7-form-control wpcf7-textarea wpcf7-validates-as-required\" aria-required=\"true\" aria-invalid=\"false\" placeholder=\"Mensagem*\" name=\"your-message\"><\/textarea><\/span>\n\t<\/p>\n\t<div class=\"gem-button-container gem-button-position-center\"><input class=\"gem-button gem-button-size-medium gem-button-style-flat gem-button-text-weight-thin wpcf7-form-control wpcf7-submit gem-button-wpcf-custom\" style=\"border-radius: 0px;background-color: #E61C35FF;color: #fff;\" onmouseleave=\"this.style.backgroundColor='#E61C35FF';this.style.color='#fff';\" onmouseenter=\"this.style.backgroundColor='#fff';this.style.color='#E61C35FF';\" id=\"\" tabindex=\"\" type=\"submit\" value=\"Enviar mensagem\" \/><\/div>\n<\/div><div class=\"wpcf7-response-output\" aria-hidden=\"true\"><\/div>\n<\/form>\n<\/div>\n<div class=\"clearboth\"><\/div><div class=\"gem-divider \" style=\"margin-top: 60px;\"><\/div><\/div><\/div><\/div>[\/vc_column][\/vc_row][vc_row css=&#8221;.vc_custom_1616792865629{margin-top: -20px !important;}&#8221;][vc_column css=&#8221;.vc_custom_1568726901800{padding-top: 0px !important;}&#8221;]<div id=\"fullwidth-block-69ff3ab98b09a\" class=\"fullwidth-block clearfix\"  style=\"\"><script type=\"text\/javascript\">if (typeof(gem_fix_fullwidth_position) == \"function\") { gem_fix_fullwidth_position(document.getElementById(\"fullwidth-block-69ff3ab98b09a\")); }<\/script><div class=\"fullwidth-block-background\" style=\"background-image: url(https:\/\/ceetbr.com.br\/wp-content\/uploads\/2019\/09\/fundo.jpg);background-repeat: no-repeat; background-size: cover;background-position: center top;\"><\/div><div class=\"fullwidth-block-inner\"><div class=\"container\"><div class=\"clearboth\"><\/div><div class=\"gem-divider \" style=\"margin-top: 60px;\"><\/div>[vc_column_text]<\/p>\n<div class=\"styled-subtitle\" style=\"text-align: center;\"><span style=\"color: #000000;\">Visite nossas redes sociais:<\/span><\/div>\n<p>[\/vc_column_text]<div class=\"clearboth\"><\/div><div class=\"gem-divider \" style=\"margin-top: 60px;\"><\/div><div class=\"socials socials-list socials-colored-hover socials-rounded socials-alignment-center\"><a class=\"socials-item\" target=\"_blank\" href=\"https:\/\/www.facebook.com\/unifaesp\" style=\"color: #e61c35;\"><i class=\"socials-item-icon facebook\" style=\"font-size: 48px\"><\/i><\/a><a class=\"socials-item\" target=\"_blank\" href=\"https:\/\/www.instagram.com\/unifaesp\/\" style=\"color: #e61c35;\"><i class=\"socials-item-icon instagram\" style=\"font-size: 48px\"><\/i><\/a><\/div><div class=\"clearboth\"><\/div><div class=\"gem-divider \" style=\"margin-top: 60px;\"><\/div><\/div><\/div><\/div>[\/vc_column][\/vc_row]<\/p>\n","protected":false},"excerpt":{"rendered":"<p>[vc_row full_width=&#8221;stretch_row&#8221; css=&#8221;.vc_custom_1569414004238{margin-bottom: 0px !important;background-color: #e9e9e9 !important;}&#8221; el_id=&#8221;details&#8221;][vc_column css=&#8221;.vc_custom_1568705970136{padding-top: 0px !important;}&#8221;][\/vc_column][\/vc_row][vc_row full_width=&#8221;stretch_row_content_no_spaces&#8221;][vc_column][vc_gmaps link=&#8221;#E-8_JTNDaWZyYW1lJTIwc3JjJTNEJTIyaHR0cHMlM0ElMkYlMkZ3d3cuZ29vZ2xlLmNvbSUyRm1hcHMlMkZlbWJlZCUzRnBiJTNEJTIxMW0xOCUyMTFtMTIlMjExbTMlMjExZDM2MDMuMjQ4MDE4MTQ1ODglMjEyZC00OS4yNjg1NTM2NjY4NDgyOCUyMTNkLTI1LjQyOTk3MDQyOTU5Mjk2JTIxMm0zJTIxMWYwJTIxMmYwJTIxM2YwJTIxM20yJTIxMWkxMDI0JTIxMmk3NjglMjE0ZjEzLjElMjEzbTMlMjExbTIlMjExczB4OTRkY2U0NmI1NGJhZmUxZCUyNTNBMHg4ZGFhNjZhNTdiZmM5NDZmJTIxMnNSdWElMjUyMFhWJTI1MjBkZSUyNTIwTm92ZW1icm8lMjUyQyUyNTIwNTUxJTI1MjAtJTI1MjBDZW50cm8lMjUyQyUyNTIwQ3VyaXRpYmElMjUyMC0lMjUyMFBSJTI1MkMlMjUyMDgwMDIwLTMxMCUyMTVlMCUyMTNtMiUyMTFzcHQtQlIlMjEyc2JyJTIxNHYxNjE3OTg5MjUwMTYyJTIxNW0yJTIxMXNwdC1CUiUyMTJzYnIlMjIlMjB3aWR0aCUzRCUyMjE5MjAlMjIlMjBoZWlnaHQlM0QlMjI0MDAlMjIlMjBzdHlsZSUzRCUyMmJvcmRlciUzQTAlM0IlMjIlMjBhbGxvd2Z1bGxzY3JlZW4lM0QlMjIlMjIlMjBsb2FkaW5nJTNEJTIybGF6eSUyMiUzRSUzQyUyRmlmcmFtZSUzRQ==&#8221; size=&#8221;1920&#215;400&#8243; disable_scroll=&#8221;1&#8243;][\/vc_column][\/vc_row][vc_row css=&#8221;.vc_custom_1617989641998{margin-top: -35px !important;}&#8221;][vc_column css=&#8221;.vc_custom_1568726901800{padding-top: 0px&#8230;<\/p>\n","protected":false},"author":1,"featured_media":0,"parent":0,"menu_order":0,"comment_status":"closed","ping_status":"closed","template":"","meta":{"footnotes":""},"class_list":["post-127","page","type-page","status-publish"],"_links":{"self":[{"href":"https:\/\/ceetbr.com.br\/index.php\/wp-json\/wp\/v2\/pages\/127","targetHints":{"allow":["GET"]}}],"collection":[{"href":"https:\/\/ceetbr.com.br\/index.php\/wp-json\/wp\/v2\/pages"}],"about":[{"href":"https:\/\/ceetbr.com.br\/index.php\/wp-json\/wp\/v2\/types\/page"}],"author":[{"embeddable":true,"href":"https:\/\/ceetbr.com.br\/index.php\/wp-json\/wp\/v2\/users\/1"}],"replies":[{"embeddable":true,"href":"https:\/\/ceetbr.com.br\/index.php\/wp-json\/wp\/v2\/comments?post=127"}],"version-history":[{"count":39,"href":"https:\/\/ceetbr.com.br\/index.php\/wp-json\/wp\/v2\/pages\/127\/revisions"}],"predecessor-version":[{"id":1093,"href":"https:\/\/ceetbr.com.br\/index.php\/wp-json\/wp\/v2\/pages\/127\/revisions\/1093"}],"wp:attachment":[{"href":"https:\/\/ceetbr.com.br\/index.php\/wp-json\/wp\/v2\/media?parent=127"}],"curies":[{"name":"wp","href":"https:\/\/api.w.org\/{rel}","templated":true}]}}